{"id":184,"date":"2024-08-21T10:52:39","date_gmt":"2024-08-21T10:52:39","guid":{"rendered":"https:\/\/anyikim.com.tr\/?page_id=184"},"modified":"2024-08-28T13:02:11","modified_gmt":"2024-08-28T13:02:11","slug":"kurumsal","status":"publish","type":"page","link":"https:\/\/anyikim.com.tr\/?page_id=184","title":{"rendered":"Kurumsal"},"content":{"rendered":"\t\t<div data-elementor-type=\"wp-page\" data-elementor-id=\"184\" class=\"elementor elementor-184\" data-elementor-post-type=\"page\">\n\t\t\t\t\t\t<section class=\"elementor-section elementor-top-section elementor-element elementor-element-638ec83b elementor-section-height-min-height elementor-section-boxed elementor-section-height-default elementor-section-items-middle\" data-id=\"638ec83b\" data-element_type=\"section\" data-settings=\"{&quot;background_background&quot;:&quot;classic&quot;}\">\n\t\t\t\t\t\t\t<div class=\"elementor-background-overlay\"><\/div>\n\t\t\t\t\t\t\t<div class=\"elementor-container elementor-column-gap-default\">\n\t\t\t\t\t<div class=\"elementor-column elementor-col-100 elementor-top-column elementor-element elementor-element-10a17f3c\" data-id=\"10a17f3c\" data-element_type=\"column\">\n\t\t\t<div class=\"elementor-widget-wrap elementor-element-populated\">\n\t\t\t\t\t\t<div class=\"elementor-element elementor-element-4771f98a elementor-widget elementor-widget-heading\" data-id=\"4771f98a\" data-element_type=\"widget\" data-widget_type=\"heading.default\">\n\t\t\t\t<div class=\"elementor-widget-container\">\n\t\t\t\t\t<h3 class=\"elementor-heading-title elementor-size-default\">HAKKIMIZDA<\/h3>\t\t\t\t<\/div>\n\t\t\t\t<\/div>\n\t\t\t\t\t<\/div>\n\t\t<\/div>\n\t\t\t\t\t<\/div>\n\t\t<\/section>\n\t\t\t\t<section class=\"elementor-section elementor-top-section elementor-element elementor-element-55c0cdbf elementor-section-boxed elementor-section-height-default elementor-section-height-default\" data-id=\"55c0cdbf\" data-element_type=\"section\">\n\t\t\t\t\t\t<div class=\"elementor-container elementor-column-gap-default\">\n\t\t\t\t\t<div class=\"elementor-column elementor-col-50 elementor-top-column elementor-element elementor-element-7ffd599d\" data-id=\"7ffd599d\" data-element_type=\"column\">\n\t\t\t<div class=\"elementor-widget-wrap elementor-element-populated\">\n\t\t\t\t\t\t<div class=\"elementor-element elementor-element-afb68f2 elementor-widget__width-auto elementor-absolute elementor-widget-mobile__width-inherit elementor-invisible elementor-widget elementor-widget-heading\" data-id=\"afb68f2\" data-element_type=\"widget\" data-settings=\"{&quot;_animation&quot;:&quot;fadeInLeft&quot;,&quot;_position&quot;:&quot;absolute&quot;}\" data-widget_type=\"heading.default\">\n\t\t\t\t<div class=\"elementor-widget-container\">\n\t\t\t\t\t<h2 class=\"elementor-heading-title elementor-size-default\">AN YIKIM<\/h2>\t\t\t\t<\/div>\n\t\t\t\t<\/div>\n\t\t\t\t<div class=\"elementor-element elementor-element-c75fbee elementor-widget elementor-widget-heading\" data-id=\"c75fbee\" data-element_type=\"widget\" data-widget_type=\"heading.default\">\n\t\t\t\t<div class=\"elementor-widget-container\">\n\t\t\t\t\t<h3 class=\"elementor-heading-title elementor-size-default\">Hakk\u0131m\u0131zda<\/h3>\t\t\t\t<\/div>\n\t\t\t\t<\/div>\n\t\t\t\t<div class=\"elementor-element elementor-element-12db223c elementor-invisible elementor-widget elementor-widget-heading\" data-id=\"12db223c\" data-element_type=\"widget\" data-settings=\"{&quot;_animation&quot;:&quot;fadeInUp&quot;}\" data-widget_type=\"heading.default\">\n\t\t\t\t<div class=\"elementor-widget-container\">\n\t\t\t\t\t<h3 class=\"elementor-heading-title elementor-size-default\">KURUMSAL<\/h3>\t\t\t\t<\/div>\n\t\t\t\t<\/div>\n\t\t\t\t<div class=\"elementor-element elementor-element-64cd1d24 elementor-widget-divider--view-line elementor-widget elementor-widget-divider\" data-id=\"64cd1d24\" data-element_type=\"widget\" data-widget_type=\"divider.default\">\n\t\t\t\t<div class=\"elementor-widget-container\">\n\t\t\t\t\t\t\t<div class=\"elementor-divider\">\n\t\t\t<span class=\"elementor-divider-separator\">\n\t\t\t\t\t\t<\/span>\n\t\t<\/div>\n\t\t\t\t\t\t<\/div>\n\t\t\t\t<\/div>\n\t\t\t\t<div class=\"elementor-element elementor-element-105bdd83 elementor-widget elementor-widget-text-editor\" data-id=\"105bdd83\" data-element_type=\"widget\" data-widget_type=\"text-editor.default\">\n\t\t\t\t<div class=\"elementor-widget-container\">\n\t\t\t\t\t\t\t\t\t<p>\u00dclkemizde faaliyet g\u00f6steren y\u0131k\u0131m sekt\u00f6r\u00fcndeki ilk ve tek sigortal\u0131 y\u0131k\u0131m ger\u00e7ekle\u015ftiren kurulu\u015ftur. \u0130n\u015faat m\u00fchendisleri denetiminde, deneyimli personelleri ile konut, bina, fabrika, end\u00fcstriyel yap\u0131 ve spor kompleksi gibi bir\u00e7ok farkl\u0131 alanda k\u0131r\u0131m, y\u0131k\u0131m i\u015flerini ve bu y\u0131k\u0131mlarda olu\u015facak hafriyat naklini ger\u00e7ekle\u015ftirmekteyiz.<\/p>\t\t\t\t\t\t\t\t<\/div>\n\t\t\t\t<\/div>\n\t\t\t\t<div class=\"elementor-element elementor-element-478c478 elementor-widget elementor-widget-text-editor\" data-id=\"478c478\" data-element_type=\"widget\" data-widget_type=\"text-editor.default\">\n\t\t\t\t<div class=\"elementor-widget-container\">\n\t\t\t\t\t\t\t\t\t<p>6306 say\u0131l\u0131 \u201cAfet Riski Alt\u0131ndaki Alanlar\u0131n D\u00f6n\u00fc\u015ft\u00fcr\u00fclmesi Hakk\u0131nda Kanun\u201d Uygulama Y\u00f6netmeli\u011fi (<a href=\"http:\/\/www.resmigazete.gov.tr\/eskiler\/2016\/10\/20161027-2.htm\">http:\/\/www.resmigazete.gov.tr\/eskiler\/2016\/10\/20161027-2.htm<\/a>) kapsam\u0131nda yap\u0131lan de\u011fi\u015fiklikler de g\u00f6z \u00f6n\u00fcne al\u0131narak, Kentsel D\u00f6n\u00fc\u015f\u00fcm projelerinde faaliyetlerimizi s\u00fcrd\u00fcrmekteyiz.Kentsel D\u00f6n\u00fc\u015f\u00fcm faaliyetleri kapsam\u0131nda y\u00fcr\u00fct\u00fclen projelerde, in\u015faat firmalar\u0131 ve yap\u0131 sahiplerinin uzman kadromuz, y\u0131k\u0131m ekipmanlar\u0131 ve makinelerimizle birlikte y\u0131k\u0131m ve hafriyat i\u015flerinde planl\u0131 ve g\u00fcvenilir \u00e7\u00f6z\u00fcm orta\u011f\u0131 olarak hizmet vermekteyiz.<\/p>\t\t\t\t\t\t\t\t<\/div>\n\t\t\t\t<\/div>\n\t\t\t\t<div class=\"elementor-element elementor-element-921147a elementor-widget elementor-widget-text-editor\" data-id=\"921147a\" data-element_type=\"widget\" data-widget_type=\"text-editor.default\">\n\t\t\t\t<div class=\"elementor-widget-container\">\n\t\t\t\t\t\t\t\t\t<div class=\"text\">\u00a0Kentsel D\u00f6n\u00fc\u015f\u00fcm projelerinin sa\u011fl\u0131kl\u0131 ve g\u00fcvenli ya\u015fama\u00a0imkan\u0131 sunmas\u0131 hedefini, \u00f6ncelikle \u00e7al\u0131\u015fma alanlar\u0131m\u0131zdaki \u0130\u015f Sa\u011fl\u0131\u011f\u0131 ve G\u00fcvenli\u011fi uygulamalar\u0131 ile ba\u015flayarak bunun \u00f6nemini t\u00fcm faaliyetlerimize yans\u0131tmaktay\u0131z.<\/div><div>\u00a0<\/div><div class=\"text\">Ya\u015fam kalitesini artt\u0131rmay\u0131 hedefleyen Kentsel D\u00f6n\u00fc\u015f\u00fcm kapsam\u0131ndaki projelerde yer al\u0131rken, do\u011faya ve \u00e7evreye duyarl\u0131 davranarak, \u00e7al\u0131\u015fmalar\u0131m\u0131z\u0131 y\u00fcr\u00fctmekte ve bu konuda \u00e7\u00f6z\u00fcm ortaklar\u0131m\u0131za ak\u0131lc\u0131 \u00e7\u00f6z\u00fcmler ile destek vermekteyiz.<\/div>\t\t\t\t\t\t\t\t<\/div>\n\t\t\t\t<\/div>\n\t\t\t\t\t<\/div>\n\t\t<\/div>\n\t\t\t\t<div class=\"elementor-column elementor-col-50 elementor-top-column elementor-element elementor-element-52d202cc\" data-id=\"52d202cc\" data-element_type=\"column\">\n\t\t\t<div class=\"elementor-widget-wrap elementor-element-populated\">\n\t\t\t\t\t\t<section class=\"elementor-section elementor-inner-section elementor-element elementor-element-685a0dbe elementor-section-height-min-height elementor-section-boxed elementor-section-height-default\" data-id=\"685a0dbe\" data-element_type=\"section\" data-settings=\"{&quot;background_background&quot;:&quot;classic&quot;}\">\n\t\t\t\t\t\t\t<div class=\"elementor-background-overlay\"><\/div>\n\t\t\t\t\t\t\t<div class=\"elementor-container elementor-column-gap-default\">\n\t\t\t\t\t<div class=\"elementor-column elementor-col-100 elementor-inner-column elementor-element elementor-element-1c32c581\" data-id=\"1c32c581\" data-element_type=\"column\">\n\t\t\t<div class=\"elementor-widget-wrap\">\n\t\t\t\t\t\t\t<\/div>\n\t\t<\/div>\n\t\t\t\t\t<\/div>\n\t\t<\/section>\n\t\t\t\t<section class=\"elementor-section elementor-inner-section elementor-element elementor-element-54a6b52 elementor-section-height-min-height elementor-section-boxed elementor-section-height-default\" data-id=\"54a6b52\" data-element_type=\"section\" data-settings=\"{&quot;background_background&quot;:&quot;classic&quot;}\">\n\t\t\t\t\t\t\t<div class=\"elementor-background-overlay\"><\/div>\n\t\t\t\t\t\t\t<div class=\"elementor-container elementor-column-gap-default\">\n\t\t\t\t\t<div class=\"elementor-column elementor-col-100 elementor-inner-column elementor-element elementor-element-5aea5a0\" data-id=\"5aea5a0\" data-element_type=\"column\">\n\t\t\t<div class=\"elementor-widget-wrap\">\n\t\t\t\t\t\t\t<\/div>\n\t\t<\/div>\n\t\t\t\t\t<\/div>\n\t\t<\/section>\n\t\t\t\t<div class=\"elementor-element elementor-element-735ee6c2 elementor-widget__width-auto elementor-absolute elementor-widget elementor-widget-image\" data-id=\"735ee6c2\" data-element_type=\"widget\" data-settings=\"{&quot;_position&quot;:&quot;absolute&quot;}\" data-widget_type=\"image.default\">\n\t\t\t\t<div class=\"elementor-widget-container\">\n\t\t\t\t\t\t\t\t\t\t\t\t\t\t\t<img decoding=\"async\" width=\"108\" height=\"147\" src=\"https:\/\/anyikim.com.tr\/wp-content\/uploads\/2024\/08\/grid-dots-small.png\" class=\"attachment-large size-large wp-image-52\" alt=\"\" \/>\t\t\t\t\t\t\t\t\t\t\t\t\t\t\t<\/div>\n\t\t\t\t<\/div>\n\t\t\t\t\t<\/div>\n\t\t<\/div>\n\t\t\t\t\t<\/div>\n\t\t<\/section>\n\t\t\t\t<\/div>\n\t\t","protected":false},"excerpt":{"rendered":"<p>HAKKIMIZDA AN YIKIM Hakk\u0131m\u0131zda KURUMSAL \u00dclkemizde faaliyet g\u00f6steren y\u0131k\u0131m sekt\u00f6r\u00fcndeki ilk ve tek sigortal\u0131 y\u0131k\u0131m ger\u00e7ekle\u015ftiren kurulu\u015ftur. \u0130n\u015faat m\u00fchendisleri denetiminde, deneyimli personelleri ile konut, bina, fabrika, end\u00fcstriyel yap\u0131 ve spor kompleksi gibi bir\u00e7ok farkl\u0131 alanda k\u0131r\u0131m, y\u0131k\u0131m i\u015flerini ve bu y\u0131k\u0131mlarda olu\u015facak hafriyat naklini ger\u00e7ekle\u015ftirmekteyiz. 6306 say\u0131l\u0131 \u201cAfet Riski Alt\u0131ndaki Alanlar\u0131n D\u00f6n\u00fc\u015ft\u00fcr\u00fclmesi Hakk\u0131nda Kanun\u201d Uygulama &hellip; <\/p>\n<p class=\"link-more\"><a href=\"https:\/\/anyikim.com.tr\/?page_id=184\" class=\"more-link\">Okumaya devam et<span class=\"screen-reader-text\"> &#8220;Kurumsal&#8221;<\/span><\/a><\/p>\n","protected":false},"author":2,"featured_media":0,"parent":0,"menu_order":0,"comment_status":"closed","ping_status":"closed","template":"elementor_header_footer","meta":{"footnotes":""},"class_list":["post-184","page","type-page","status-publish","hentry","entry"],"_links":{"self":[{"href":"https:\/\/anyikim.com.tr\/index.php?rest_route=\/wp\/v2\/pages\/184","targetHints":{"allow":["GET"]}}],"collection":[{"href":"https:\/\/anyikim.com.tr\/index.php?rest_route=\/wp\/v2\/pages"}],"about":[{"href":"https:\/\/anyikim.com.tr\/index.php?rest_route=\/wp\/v2\/types\/page"}],"author":[{"embeddable":true,"href":"https:\/\/anyikim.com.tr\/index.php?rest_route=\/wp\/v2\/users\/2"}],"replies":[{"embeddable":true,"href":"https:\/\/anyikim.com.tr\/index.php?rest_route=%2Fwp%2Fv2%2Fcomments&post=184"}],"version-history":[{"count":4,"href":"https:\/\/anyikim.com.tr\/index.php?rest_route=\/wp\/v2\/pages\/184\/revisions"}],"predecessor-version":[{"id":419,"href":"https:\/\/anyikim.com.tr\/index.php?rest_route=\/wp\/v2\/pages\/184\/revisions\/419"}],"wp:attachment":[{"href":"https:\/\/anyikim.com.tr\/index.php?rest_route=%2Fwp%2Fv2%2Fmedia&parent=184"}],"curies":[{"name":"wp","href":"https:\/\/api.w.org\/{rel}","templated":true}]}}